prime factors of 53246.
2, 79, 337
List the prime factors of 1165.
5, 233
What are the prime factors of 2389?
2389
List the prime factors of 23501.
71, 331
What are the prime factors of 855?
3, 5, 19
List the prime factors of 10018.
2, 5009
What are the prime factors of 61721?
11, 31, 181
List the prime factors of 164744.
2, 20593
What are the prime factors of 3732?
2, 3, 311
List the prime factors of 8417.
19, 443
What are the prime factors of 1779?
3, 593
List the prime factors of 588.
2, 3, 7
What are the prime factors of 351?
3, 13
What are the prime factors of 17503?
23, 761
List the prime factors of 996.
2, 3, 83
What are the prime factors of 7792?
2, 487
List the prime factors of 35336.
2, 7, 631
What are the prime factors of 65631?
3, 131, 167
List the prime factors of 1908.
2, 3, 53
List the prime factors of 7280.
2, 5, 7, 13
List the prime factors of 12857.
13, 23, 43
List the prime factors of 1016.
2, 127
What are the prime factors of 14171?
37, 383
What are the prime factors of 4448?
2, 139
What are the prime factors of 6907?
6907
List the prime factors of 6674.
2, 47, 71
List the prime factors of 8674.
2, 4337
List the prime factors of 64120.
2, 5, 7, 229
What are the prime factors of 170535?
3, 5, 11369
What are the prime factors of 49835?
5, 9967
List the prime factors of 757.
757
List the prime factors of 513.
3, 19
List the prime factors of 5589.
3, 23
What are the prime factors of 5732?
2, 1433
What are the prime factors of 307?
307
What are the prime factors of 10?
2, 5
List the prime factors of 47428.
2, 71, 167
List the prime factors of 21467.
21467
List the prime factors of 1364.
2, 11, 31
List the prime factors of 310.
2, 5, 31
What are the prime factors of 2181?
3, 727
List the prime factors of 159.
3, 53
What are the prime factors of 17348?
2, 4337
List the prime factors of 1602.
2, 3, 89
What are the prime factors of 6050?
2, 5, 11
List the prime factors of 38953.
38953
What are the prime factors of 9459?
3, 1051
What are the prime factors of 37669?
139, 271
What are the prime factors of 168405?
3, 5, 103, 109
What are the prime factors of 28454?
2, 41, 347
What are the prime factors of 2658?
2, 3, 443
What are the prime factors of 47506?
2, 23753
What are the prime factors of 4609?
11, 419
List the prime factors of 17893.
29, 617
List the prime factors of 62320.
2, 5, 19, 41
List the prime factors of 97116.
2, 3, 8093
List the prime factors of 2010.
2, 3, 5, 67
List the prime factors of 495.
3, 5, 11
List the prime factors of 1034.
2, 11, 47
What are the prime factors of 10416?
2, 3, 7, 31
List the prime factors of 25081.
7, 3583
List the prime factors of 1169.
7, 167
What are the prime factors of 878?
2, 439
List the prime factors of 8645.
5, 7, 13, 19
What are the prime factors of 118633?
118633
List the prime factors of 30192.
2, 3, 17, 37
What are the prime factors of 12949?
23, 563
What are the prime factors of 1190?
2, 5, 7, 17
What are the prime factors of 2605?
5, 521
List the prime factors of 17403.
3, 5801
List the prime factors of 14842.
2, 41, 181
What are the prime factors of 12152?
2, 7, 31
What are the prime factors of 11281?
29, 389
List the prime factors of 1088.
2, 17
List the prime factors of 10966.
2, 5483
What are the prime factors of 7097?
47, 151
List the prime factors of 9131.
23, 397
What are the prime factors of 4783?
4783
List the prime factors of 1943.
29, 67
List the prime factors of 1092.
2, 3, 7, 13
List the prime factors of 12506.
2, 13, 37
What are the prime factors of 2948?
2, 11, 67
List the prime factors of 906.
2, 3, 151
List the prime factors of 79428.
2, 3, 6619
What are the prime factors of 67?
67
What are the prime factors of 2144?
2, 67
List the prime factors of 33606.
2, 3, 1867
List the prime factors of 15769.
13, 1213
List the prime factors of 39000.
2, 3, 5, 13
What are the prime factors of 3287?
19, 173
What are the prime factors of 3292?
2, 823
List the prime factors of 1923.
3, 641
What are the prime factors of 2802?
2, 3, 467
List the prime factors of 3439.
19, 181
What are the prime factors of 30660?
2, 3, 5, 7, 73
List the prime factors of 58456.
2, 7307
List the prime factors of 76.
2, 19
What are the prime factors of 2798?
2, 1399
List the prime factors of 1218.
2, 3, 7, 29
What are the prime factors of 17129?
7, 2447
What are the prime factors of 4121?
13, 317
What are the prime factors of 2006?
2, 17, 59
What are the prime factors of 21264?
2, 3, 443
What are the prime factors of 198?
2, 3, 11
What are the prime factors of 1590?
2, 3, 5, 53
List the prime factors of 2164.
2, 541
What are the prime factors of 1515?
3, 5, 101
What are the prime factors of 1769?
29, 61
List the prime factors of 3482.
2, 1741
What are the prime factors of 43671?
3, 14557
List the prime factors of 2090.
2, 5, 11, 19
What are the prime factors of 89354?
2, 43, 1039
What are the prime factors of 118599?
3, 13, 3041
List the prime factors of 3758.
2, 1879
List the prime factors of 732.
2, 3, 61
List the prime factors of 22210.
2, 5, 2221
What are the prime factors of 11739?
3, 7, 13, 43
What are the prime factors of 1623?
3, 541
List the prime factors of 10960.
2, 5, 137
What are the prime factors of 2034?
2, 3, 113
What are the prime factors of 1096?
2, 137
List the prime factors of 18813.
3, 6271
List the prime factors of 465.
3, 5, 31
What are the prime factors of 2153?
2153
What are the prime factors of 4237?
19, 223
List the prime factors of 96.
2, 3
List the prime factors of 1763.
41, 43
List the prime factors of 51177.
3, 7, 2437
List the prime factors of 2579.
2579
List the prime factors of 1271.
31, 41
List the prime factors of 2207.
2207
List the prime factors of 32393.
29, 1117
What are the prime factors of 1669?
1669
List the prime factors of 7018.
2, 11, 29
What are the prime factors of 819?
3, 7, 13
What are the prime factors of 5275?
5, 211
What are the prime factors of 210?
2, 3, 5, 7
What are the prime factors of 644?
2, 7, 23
List the prime factors of 434.
2, 7, 31
List the prime factors of 59858.
2, 173
What are the prime factors of 1316?
2, 7, 47
List the prime factors of 62368.
2, 1949
List the prime factors of 31950.
2, 3, 5, 71
List the prime factors of 831.
3, 277
What are the prime factors of 3519?
3, 17, 23
List the prime factors of 35340.
2, 3, 5, 19, 31
List the prime factors of 11971.
11971
List the prime factors of 1762.
2, 881
List the prime factors of 9360.
2, 3, 5, 13
What are the prime factors of 1712?
2, 107
What are the prime factors of 9208?
2, 1151
List the prime factors of 12763.
12763
What are the prime factors of 2577?
3, 859
List the prime factors of 313.
313
List the prime factors of 24491.
19, 1289
What are the prime factors of 571?
571
List the prime factors of 31545.
3, 5, 701
List the prime factors of 34225.
5, 37
List the prime factors of 60047.
13, 31, 149
What are the prime factors of 4670?
2, 5, 467
What are the prime factors of 8663?
8663
List the prime factors of 33089.
7, 29, 163
List the prime factors of 4875.
3, 5, 13
What are the prime factors of 67820?
2, 5, 3391
List the prime factors of 83840.
2, 5, 131
List the prime factors of 23573.
11, 2143
List the prime factors of 35087.
13, 2699
What are the prime factors of 147?
3, 7
List the prime factors of 2400.
2, 3, 5
What are the prime factors of 87?
3, 29
List the prime factors of 2454.
2, 3, 409
What are the prime factors of 12420?
2, 3, 5, 23
What are the prime factors of 13473?
3, 499
List the prime factors of 85238.
2, 17, 23, 109
What are the prime factors of 6396?
2, 3, 13, 41
What are the prime factors of 8490?
2, 3, 5, 283
What are the prime factors of 8341?
19, 439
List the prime factors of 2192.
2, 137
List the prime factors of 665.
5, 7, 19
What are the prime factors of 977?
977
What are the prime factors of 18320?
2, 5, 229
List the prime factors of 61913.
101, 613
What are the prime factors of 4895?
5, 11, 89
What are the prime factors of 262?
2, 131
List the prime factors of 44.
2, 11
What are the prime factors of 889?
7, 127
List the prime factors of 82601.
82601
List the prime factors of 840.
2, 3, 5, 7
List the prime factors of 1571.
1571
List the prime factors of 66478.
2, 43, 773
What are the prime factors of 326?
2, 163
What are the prime factors of 20681